 + 5270. Is p(-9) a prime number?
False
Suppose -3*c = 4*h - 192077, -14*c = -4*h - 19*c + 192083. Is h prime?
True
Let v(n) = 5265*n**2 + 30*n + 229. Is v(-6) prime?
False
Suppose 198*y = 202*y - 16. Let k be 1160/12*(-6)/(-5). Suppose -y*b + o + k = -b, -3*b + 131 = -4*o. Is b composite?
False
Suppose 75 + 373 = 7*m. Is 0 + m + (-8)/1 + 3 prime?
True
Is (-6)/(-14) - 730980784/(-1988) composite?
True
Let h = -616052 - -948303. Is h prime?
True
Let v = -98 - -94. Let u be 1/((-2 - v)/(-3438)). Let w = 2626 + u. Is w a prime number?
True
Suppose -3*b + 40 = 4*u, -3*b - 8 = -u + 2. Let k(q) = 18*q - 20. Let h be k(1). Is (-20)/u*23/h a composite number?
False
Suppose 97*l - 29374207 = -122*l + 9908042. Is l prime?
False
Suppose 8978821 = 117*a - 22661691 - 1501727. Is a a prime number?
True
Suppose -215*c + 214*c = 9, -h = c - 1174322. Is h a composite number?
False
Is ((2/8)/(-1))/((-73)/663305156) composite?
False
Let k = 3201 + -5389. Let p = 3280 + k. Let h = -611 + p. Is h composite?
True
Let l = -25414 - -270353. Is l a prime number?
True
Let l(d) = d**3 + 20*d**2 + 19*d + 3. Let r be l(-19). Suppose 3*o - 6295 = -25*f + 23*f, -r*f + 10492 = 5*o. Is o composite?
False
Suppose -5*i + 10 - 20 = 5*t, -i = -3*t + 6. Is i + 6427 + -3 - -6 - 6 composite?
False
Suppose -4*k = 5*r - 354829, -4*k + 92598 + 191262 = 4*r. Is r a composite number?
False
Let d = -216424 - -380741. Is d a composite number?
True
Let j(y) = 325064*y**2 + 9*y - 12. Is j(-1) a prime number?
True
Suppose -19*d = -24*d + 2800805. Suppose d = 33*x + 13516. Is x a prime number?
False
Let j be (4/(-6))/((-6)/(-9)) - 0. Let y(t) = 200*t**2 - t - 2. Is y(j) a prime number?
True
Suppose -6*g = -4*g - 8. Suppose 3*y = 5*t + 27, 4*y + 25 = -g*t + 3*y. Is -4*t/(-12) + 3035 + 2 prime?
False
Let j(i) = i + 78. Let v(q) = -2*q - 117. Let l(c) = -7*j(c) - 5*v(c). Let x be l(-12). Suppose 8*t - 5*d - 950 = x*t, 0 = -4*t - 2*d + 742. Is t composite?
True
Let s = 420 - 368. Suppose 9*z = s*z - 23091. Is z a prime number?
False
Let b = 240 + -247. Is (308592/156 - b) + 2/(-13) a prime number?
False
Suppose 5*z = -5*x + 95, -4*x + 5*z + 58 = -0*z. Suppose 16*m = x*m - 141. Is m a composite number?
True
Let b(i) = 1136*i**3 - 1163*i**3 - 5*i**2 - 1 - 5*i + 3. Let w(n) = -27*n**3 - 4*n**2 - 4*n + 3. Let x(h) = 2*b(h) - 3*w(h). Is x(2) a prime number?
True
Let m = -18 + 21. Let n = 0 + 5. Suppose 4*u + b - 360 = 4*b, 0 = m*u + n*b - 241. Is u prime?
False
Suppose 0 = -4*n - 3 - 21. Let w(u) = -2*u + 15. Let j be w(n). Let s = j + 52. Is s prime?
True
Let z(o) = 7514*o**2 + 4*o - 3. Let i be z(1). Is i/7 + (-8)/14 a composite number?
True
Suppose -6*u = -5*c - 9*u + 2426, 2412 = 5*c - 4*u. Let k = c - -9. Is k a prime number?
False
Suppose 0 = 7*o - 6*o + 2*l - 4, 9 = 2*o + 5*l. Suppose 5541 = 4*f + d + 97, o*d = 3*f - 4083. Is f a composite number?
False
Suppose 3*d - 15723 = 2*n - 4*n, 2*n + d - 15713 = 0. Let c = 8639 + n. Is c prime?
True
Let t(k) = -6682*k - 6769. Is t(-48) a prime number?
False
Let c = 60354 - 32455. Is c a prime number?
False
Let y = 5 - -2. Suppose -3102 = 4*g - 2*u, -4*g - 3109 = 12*u - y*u. Let p = g + 1311. Is p a prime number?
False
Is 111168 - -3*(2 - (4 - (-2 + 5))) a prime number?
False
Let r(h) = 51*h**2 + 18*h + 5. Let u be 18/(-12)*-2*(-2)/1. Is r(u) a prime number?
True
Let u = 312289 + -73662. Is u prime?
True
Let p(r) = r + 3. Let q be p(3). Let t be 6055 - 0/(q - 4). Suppose -c = 4*c - t. Is c composite?
True
Suppose 3*d = -2*u + 9, 5*d = -2*u + 21 - 2. Let l(z) = -16*z**3 + z**2 + 4*z + 7. Let t be l(u). Let a = t - 169. Is a composite?
True
Suppose -9*p + 30 = 57. Is (1 - p/(-2))*76102/(-13) a composite number?
False
Let u(x) = 79*x**2 - 2*x - 1. Let m(k) = k**2 - 9*k + 7. Let c be m(8). Let q(t) = -2*t**2 + 2*t + 2. Let y be q(c). Is u(y) prime?
False
Suppose 0 = -539*z + 1637768487 + 1683804460. Is z a composite number?
False
Suppose -33984 = -2*s + 8*f - 4*f, -2*s + f + 33975 = 0. Suppose 0 = 7*j - s - 6905. Is j prime?
True
Let n(x) = -23*x. Let d be n(0). Suppose 49*t + 8866 - 34395 = d. Is t a prime number?
True
Suppose -6*p + 2*o - 111 = -p, 4*p = -2*o - 96. Let k(q) = -17*q + 28. Is k(p) prime?
True
Suppose -k = 6 - 10. Suppose -k*g + 3 = -3*g. Suppose j - 5*b = -10*b + 7202, -b - g = 0. Is j a composite number?
True
Suppose -199*v - 130*v + 17707129 = -118017544. Is v a composite number?
False
Let q be ((-4)/5)/(16/156000). Let k = q + 15581. Is k a prime number?
False
Let m(i) be the second derivative of -97*i**3/6 + 44*i**2 - 78*i. Is m(-5) prime?
False
Let v = -313 - -318. Suppose -3*j - 4*u + 7748 = j, v*j - 9685 = -u. Is j composite?
True
Let c be (-52383)/(-114)*(-1 - 1)/(-1). Suppose 3*y = -2*h + c, -2*y + 602 = -0*h + 4*h. Let m = y - -98. Is m composite?
True
Let h(k) = -542*k - 50. Let w be h(-10). Suppose 2 - 11 = 3*p, -3*d - 5*p + w = 0. Is d a composite number?
True
Let t be (-15)/(-25) - 6/(-15). Suppose t = -3*d + d - l, 2*d = 2*l + 14. Suppose -4*s + 2064 = d*x, 2*s - 5*x = -3*x + 1038. Is s a composite number?
True
Let c be (-6)/4 + 6103/(-34). Let h = 204 + c. Is h prime?
True
Let m = -257 + 144. Let o = m + 168. Is o a composite number?
True
Let r(p) be the third derivative of -1/3*p**4 - 5*p**2 - 2/3*p**3 + 0*p + 1/20*p**5 + 0. Is r(7) a prime number?
False
Let p be (-132699)/(-18) - 155/(-186). Let s = 17592 - p. Is s prime?
False
Let z(r) be the first derivative of -43*r**2/2 - r + 27. Suppose 0 = 4*t + 21 + 3. Is z(t) a composite number?
False
Suppose -854 = -5*n + 6. Let j = 335 - n. Is j composite?
False
Suppose 5*w - 3615 = 5*m, -w + 723 = -m - 2*m. Suppose 0 = -19*j + 2224 - w. Is j composite?
False
Suppose -5544 = -31*w + 29*w. Let m = 2014 + -3387. Let d = w + m. Is d a composite number?
False
Let c(p) = -p**2 + 2*p + 8. Let u be c(8). Let k be u/6*(-1830)/20. Suppose 3*a - a = k. Is a a composite number?
True
Let m(u) = u**3. Let w(q) = -4*q**3 - 13*q**2 - 20*q + 22. Let c(g) = 6*m(g) + w(g). Let v be c(-20). Is (v/(-66) - 1) + (-6)/(-33) composite?
True
Let v = -401245 - -737598. Is v prime?
True
Let g = 286871 - -168222. Is g prime?
True
Let x = -7 + 7. Let b(j) = 89 + 230*j - 110*j - 122*j. Is b(x) a prime number?
True
Let m(f) = -6*f**3 - f**2 - 5*f + 141937. Is m(0) prime?
True
Let w = 349192 - 35579. Is w composite?
False
Let u(q) be the second derivative of -19*q**3/2 - q**2 - 10*q. Let s be u(-2). Let w = 195 - s. Is w prime?
True
Let w(j) = 1241*j**2 + 9*j + 21. Let h be (-6)/(3 - 21/14). Is w(h) prime?
True
Let a(n) = n**3 + n**2 + 12*n - 1. Is a(13) a prime number?
True
Let c = -27 - -28. Let q be 6 + (-3 - (-3 + c)). Suppose -5*t + 4580 = q*h, t - 4*h - 235 = 696. Is t a composite number?
False
Let o(s) = -1541*s**3 - 2*s**2 - 67*s + 1. Is o(-5) a prime number?
False
Let a be 8 + 292/4 + (0 - -4). Suppose -a*v + 95*v = 6710. Is v prime?
False
Let g = -4085 + 6174. Suppose -6198 = -o - g. Is o composite?
True
Let d(p) = -p**3 + 2*p**2 + p + 6. Let g be d(0). Let z(v) = 190*v**2 + 14. Let o be z(g). Suppose -o - 1723 = -9*r. Is r composite?
False
Let l be ((-8)/14)/(19/(-133)). Suppose -l*u + 86711 = 3*p, -2*u - 3*p + 43363 = -0*u. Is u a prime number?
False
Suppose -100 = -11*f + f. Is f/(-4)*14736/(-120) a prime number?
True
Suppose 3*a - 407177 = 4*j, 5*a + 14*j = 9*j + 678675. Is a a prime number?
True
Let i(m) = m**2 + 3*m + 4781. Suppose -2 = -4*t + 3*w + 4, 3*w = -5*t - 6. Is i(t) a prime number?
False
Let c = 365 - 157. Let i = c + -123. Let b = i - 6. Is b a composite number?
False
Suppose 0 = 2*p - 2*i - 91354, 0 = -3*p - i + 194406 - 57351. Is p a prime number?
False
Let h(a) = -18 + 58 + 232*a - 18. Is h(7) a prime number?
False
Suppose x + 5*h - 275041 = 0, 924748 + 175466 = 4*x - 5*h. Is x prime?
False
Let n(c) = -15*c - 112. Let p be n(-8). Suppose p*z - 3*z = 8795. Is z a composite number?
False
Is 14 - (-20 - -22 - 424877) a composite number?
False
Let g(t) = 3*t**2 - 21*t - 22. Let f be g(10). Let q = f - -95. Let u = q - -846. Is u a composite number?
False
Let u = -17 - -19. Suppose -2*h = 3*h - 2*w + 3, 0 = u*w - 8. Is 2/((-4)/(-97))*10/h a prime number?
False
Suppose 11 + 7 = -4*d + 5*i, i = -4*d - 6. Is (29 + -55)/(d/1801) prime?
False
Let p be (-170)/(-7) + 0 - (-10)/(-35). Suppos